{"id":57,"date":"2020-11-22T10:30:31","date_gmt":"2020-11-22T09:30:31","guid":{"rendered":"http:\/\/blueknights.at.cloud9-vm104.server-routing.com\/portal\/?page_id=57"},"modified":"2020-11-22T10:36:02","modified_gmt":"2020-11-22T09:36:02","slug":"impressum","status":"publish","type":"page","link":"http:\/\/www.blueknights.at\/portal\/impressum\/","title":{"rendered":"Impressum"},"content":{"rendered":"<p>&nbsp;<\/p>\n<h3>f\u00fcr den Inhalt verantwortlich<\/h3>\n<p>Blue Knights Austria<br \/>\nAlfred Wagner<br \/>\n+43 676 42 60 329<\/p>\n<h1>Datenschutzerkl\u00e4rung:<\/h1>\n<p>Die Nutzung unserer Webseite http:\/\/blueknights.at\/portal ist in der Regel ohne Angabe personenbezogener Daten m\u00f6glich. Soweit auf unseren Seiten personenbezogene Daten (beispielsweise Name oder eMail-Adressen) erhoben werden, erfolgt dies, stets auf freiwilliger Basis. Im Rahmen unserer Website www.blueknights.at werden Daten \u00fcber das Kontaktformular verarbeitet. Diese jedoch ausschlie\u00dflich zum Zweck Ihrer Anfragebeantwortung und die \u00fcbermittelten Daten wie Name\/Email Adresse und ggf. Telefonnr., welche Sie freiwillig an uns \u00fcbermitteln, werden nach Beantwortung der Anfrage umgehenst gel\u00f6scht. (www.blueknights.at\/austria3 bis www.blueknights.at\/austria6) werden von den jeweiligen Chaptern betrieben und verwaltet, welche in \u00d6sterreich als eigenst\u00e4ndige Vereine im Zentralen Vereinsregister eingetragen sind. Wir weisen darauf hin, dass die Daten\u00fcbertragung im Internet (z.B. bei der Kommunikation per E-Mail) Sicherheitsl\u00fccken aufweisen kann. Ein l\u00fcckenloser Schutz der Daten vor dem Zugriff durch Dritte ist nicht m\u00f6glich.<\/p>\n<h3>Haftungsausschlu\u00df<\/h3>\n<p>Die Nutzung der Website http:\/\/www.blueknights.at erfolgt auf eigene Gefahr und auf eigenes Risiko. Die hier angebotenen Inhalte dienen der allgemeinen Information. F\u00fcr die Richtigkeit, Aktualit\u00e4t, Vollst\u00e4ndigkeit und Verf\u00fcgbarkeit der gebotenen Informationen\/Services \u00fcbernehmen wir keine Gew\u00e4hrleistung\/Haftung. Dies gilt auch f\u00fcr alle Verbindungen (&#8222;Links&#8220;), auf die diese Webseite direkt oder indirekt verweist. F\u00fcr die Inhalte der verlinkten Seiten ist stets der jeweilige Anbieter oder Betreiber der Seiten verantwortlich. Die verlinkten Seiten wurden zum Zeitpunkt der Verlinkung auf m\u00f6gliche Rechtsverst\u00f6\u00dfe \u00fcberpr\u00fcft. Rechtswidrige Inhalte waren zum Zeitpunkt der Verlinkung nicht erkennbar. Eine permanente inhaltliche Kontrolle der verlinkten Seiten ist jedoch ohne konkrete Anhaltspunkte einer Rechtsverletzung nicht zumutbar. Bei Bekanntwerden von Rechtsverletzungen werden wir derartige Links umgehend entfernen.<\/p>\n<h3>Urheberrecht<\/h3>\n<p>S\u00e4mtliche Inhalte, Bilder, Ton- und Videosequenzen auf der Plattform www.blueknights.at (einschlie\u00dflich der SUB-Websiten unserer Chapter &#8211; z.B.: www.blueknights.at\/austria) sind urheberrechtlich gesch\u00fctzt. Alle Rechte daran bleiben dem Rechteinhaber vorbehalten. Jegliche Verwendung ist hiermit ausdr\u00fccklich untersagt und bed\u00fcrfen einer schriftlichen Zustimmung. Bei Bedarf ersuchen wir um Kontaktaufnahme via Formular oder Anruf an o.a. Telefonnummer.<\/p>\n<p>&nbsp;<\/p>\n","protected":false},"excerpt":{"rendered":"<p>&nbsp; f\u00fcr den Inhalt verantwortlich Blue Knights Austria Alfred Wagner +43 676 42 60 329 Datenschutzerkl\u00e4rung: Die Nutzung unserer Webseite http:\/\/blueknights.at\/portal ist in der Regel ohne Angabe personenbezogener Daten m\u00f6glich. Soweit auf unseren Seiten personenbezogene Daten (beispielsweise Name oder eMail-Adressen) erhoben werden, erfolgt dies, stets auf freiwilliger Basis. Im Rahmen unserer Website www.blueknights.at werden Daten [&hellip;]<\/p>\n","protected":false},"author":1,"featured_media":0,"parent":0,"menu_order":0,"comment_status":"closed","ping_status":"closed","template":"","meta":[],"_links":{"self":[{"href":"http:\/\/www.blueknights.at\/portal\/wp-json\/wp\/v2\/pages\/57"}],"collection":[{"href":"http:\/\/www.blueknights.at\/portal\/wp-json\/wp\/v2\/pages"}],"about":[{"href":"http:\/\/www.blueknights.at\/portal\/wp-json\/wp\/v2\/types\/page"}],"author":[{"embeddable":true,"href":"http:\/\/www.blueknights.at\/portal\/wp-json\/wp\/v2\/users\/1"}],"replies":[{"embeddable":true,"href":"http:\/\/www.blueknights.at\/portal\/wp-json\/wp\/v2\/comments?post=57"}],"version-history":[{"count":5,"href":"http:\/\/www.blueknights.at\/portal\/wp-json\/wp\/v2\/pages\/57\/revisions"}],"predecessor-version":[{"id":69,"href":"http:\/\/www.blueknights.at\/portal\/wp-json\/wp\/v2\/pages\/57\/revisions\/69"}],"wp:attachment":[{"href":"http:\/\/www.blueknights.at\/portal\/wp-json\/wp\/v2\/media?parent=57"}],"curies":[{"name":"wp","href":"https:\/\/api.w.org\/{rel}","templated":true}]}}